r when 4567 is divided by 2100.
367
Calculate the remainder when 953 is divided by 16.
9
What is the remainder when 374061 is divided by 39?
12
Calculate the remainder when 17847 is divided by 113.
106
What is the remainder when 22404 is divided by 5554?
188
What is the remainder when 3928 is divided by 442?
392
What is the remainder when 403370 is divided by 199?
196
What is the remainder when 43213 is divided by 900?
13
What is the remainder when 176688 is divided by 67?
9
What is the remainder when 11446 is divided by 293?
19
What is the remainder when 33444 is divided by 33438?
6
What is the remainder when 646719 is divided by 227?
223
Calculate the remainder when 15335 is divided by 958.
7
Calculate the remainder when 55669 is divided by 1800.
1669
Calculate the remainder when 14270 is divided by 10.
0
Calculate the remainder when 13603 is divided by 203.
2
What is the remainder when 26523 is divided by 67?
58
Calculate the remainder when 4508 is divided by 4210.
298
What is the remainder when 1271 is divided by 392?
95
What is the remainder when 1688 is divided by 85?
73
Calculate the remainder when 849 is divided by 286.
277
What is the remainder when 73475 is divided by 51?
35
Calculate the remainder when 143472 is divided by 20.
12
What is the remainder when 16557 is divided by 18?
15
What is the remainder when 510 is divided by 83?
12
Calculate the remainder when 163058 is divided by 10.
8
Calculate the remainder when 73468 is divided by 736.
604
What is the remainder when 19834 is divided by 28?
10
Calculate the remainder when 517451 is divided by 428.
427
What is the remainder when 3789 is divided by 22?
5
What is the remainder when 2152 is divided by 140?
52
Calculate the remainder when 55448 is divided by 71.
68
Calculate the remainder when 1780 is divided by 343.
65
Calculate the remainder when 27091 is divided by 3838.
225
Calculate the remainder when 202286 is divided by 155.
11
What is the remainder when 396610 is divided by 828?
826
Calculate the remainder when 21133 is divided by 16.
13
What is the remainder when 41294 is divided by 405?
389
What is the remainder when 9905 is divided by 215?
15
What is the remainder when 7497 is divided by 4?
1
What is the remainder when 9354 is divided by 37?
30
Calculate the remainder when 132119 is divided by 20.
19
What is the remainder when 49730 is divided by 310?
130
Calculate the remainder when 14257 is divided by 458.
59
What is the remainder when 27574 is divided by 11?
8
What is the remainder when 168260 is divided by 199?
105
What is the remainder when 1610 is divided by 1412?
198
What is the remainder when 152509 is divided by 34?
19
Calculate the remainder when 5918 is divided by 131.
23
Calculate the remainder when 106967 is divided by 2674.
7
What is the remainder when 67169 is divided by 1101?
8
Calculate the remainder when 2908 is divided by 2895.
13
Calculate the remainder when 188359 is divided by 3693.
16
What is the remainder when 3820 is divided by 517?
201
What is the remainder when 213662 is divided by 3561?
2
What is the remainder when 9041 is divided by 477?
455
Calculate the remainder when 56648 is divided by 13.
7
Calculate the remainder when 32024 is divided by 543.
530
What is the remainder when 23221 is divided by 31?
2
What is the remainder when 2204 is divided by 688?
140
Calculate the remainder when 32308 is divided by 28.
24
Calculate the remainder when 8821 is divided by 1101.
13
Calculate the remainder when 3146 is divided by 785.
6
What is the remainder when 4742 is divided by 12?
2
Calculate the remainder when 301516 is divided by 100505.
1
Calculate the remainder when 142114 is divided by 553.
546
What is the remainder when 64225 is divided by 15?
10
Calculate the remainder when 6043 is divided by 1602.
1237
What is the remainder when 455 is divided by 114?
113
What is the remainder when 19290 is divided by 891?
579
Calculate the remainder when 20017 is divided by 6366.
919
Calculate the remainder when 1052312 is divided by 350765.
17
What is the remainder when 1009 is divided by 306?
91
Calculate the remainder when 160409 is divided by 49.
32
Calculate the remainder when 8318 is divided by 1272.
686
What is the remainder when 15059 is divided by 243?
236
Calculate the remainder when 6429 is divided by 46.
35
What is the remainder when 61057 is divided by 9?
1
What is the remainder when 547 is divided by 428?
119
Calculate the remainder when 97555 is divided by 20.
15
What is the remainder when 24406 is divided by 6090?
46
What is the remainder when 34799 is divided by 4345?
39
Calculate the remainder when 8156 is divided by 286.
148
Calculate the remainder when 5326 is divided by 676.
594
What is the remainder when 20153 is divided by 388?
365
What is the remainder when 222 is divided by 68?
18
What is the remainder when 4729 is divided by 69?
37
Calculate the remainder when 78819 is divided by 3267.
411
Calculate the remainder when 58379 is divided by 578.
1
What is the remainder when 612 is divided by 469?
143
Calculate the remainder when 631 is divided by 2.
1
Calculate the remainder when 5930 is divided by 242.
122
What is the remainder when 27596 is divided by 1374?
116
What is the remainder when 6652 is divided by 3323?
6
Calculate the remainder when 47222 is divided by 15731.
29
Calculate the remainder when 7097 is divided by 1166.
101
What is the remainder when 89791 is divided by 2?
1
Calculate the remainder when 39316 is divided by 116.
108
Calculate the remainder when 7793719 is divided by 10.
9
Calculate the remainder when 11905 is divided by 54.
25
Calculate the remainder when 21211 is divided by 105.
1
Calculate the remainder when 33468 is divided by 541.
467
Calculate the remainder when 3916 is divided by 476.
108
Calculate the remainder when 1038 is divided by 615.
423
What is the remainder when 33632 is divided by 89?
79
What is the remainder when 11889 is divided by 32?
17
What is the remainder when 21026 is divided by 50?
26
What is the remainder when 6221 is divided by 6?
5
Calculate the remainder when 274903 is divided by 69.
7
Calculate the remainder when 266264 is divided by 54.
44
What is the remainder when 1096301 is divided by 105?
101
What is the remainder when 1437 is divided by 156?
33
What is the remainder when 3269 is divided by 2?
1
What is the remainder when 10463 is divided by 402?
11
What is the remainder when 215906 is divided by 77?
75
What is the remainder when 71501 is divided by 328?
325
What is the remainder when 7869 is divided by 595?
134
Calculate the remainder when 1094 is divided by 661.
433
Calculate the remainder when 47139 is divided by 332.
327
Calculate the remainder when 18006 is divided by 502.
436
What is the remainder when 559181 is divided by 13?
12
What is the remainder when 47565 is divided by 34?
33
Calculate the remainder when 3778318 is divided by 10.
8
Calculate the remainder when 3224 is divided by 1478.
268
What is the remainder when 11174 is divided by 11145?
29
What is the remainder when 1964740 is divided by 26?
24
Calculate the remainder when 1964 is divided by 48.
44
What is the remainder when 198 is divided by 107?
91
Calculate the remainder when 2523487 is divided by 23.
19
What is the remainder when 32831 is divided by 8170?
151
What is the remainder when 3487 is divided by 815?
227
Calculate the remainder when 2551 is divided by 645.
616
What is the remainder when 33193 is divided by 158?
13
Calculate the remainder when 7564 is divided by 155.
124
What is the remainder when 91494 is divided by 10165?
9
Calculate the remainder when 467 is divided by 467.
0
What is the remainder when 10916 is divided by 5386?
144
Calculate the remainder when 1815 is divided by 306.
285
Calculate the remainder when 8850 is divided by 86.
78
What is the remainder when 6380 is divided by 52?
36
Calculate the remainder when 117502 is divided by 8.
6
Calculate the remainder when 7694 is divided by 167.
12
What is the remainder when 1323 is divided by 2?
1
What is the remainder when 444310 is divided by 132?
130
What is the remainder when 117675 is divided by 124?
123
What is the remainder when 17201 is divided by 2863?
23
Calculate the remainder when 1541899 is divided by 1073.
1071
Calculate the